 (2 - 6/5)/((-6)/(-195)). Suppose 702 = 10*b - 7*b. Calculate the highest common divisor of b and u.
26
Suppose 4*h - 38*h = -2448. What is the highest common factor of 162 and h?
18
Let v(f) = 36*f**2 - 20*f + 21. Let k be v(4). Calculate the highest common divisor of 94 and k.
47
Let g be -4 + 3 - -2 - (-34 - -5). Suppose -g = t - 6*t. Calculate the greatest common factor of t and 24.
6
Let q = 180 - 40. Let b(k) = -k**2 + 20*k - 47. Let c be b(15). What is the highest common divisor of c and q?
28
Suppose -36 = -2*q - 4*c, 14*q - 17*q + c = -54. Calculate the highest common factor of 198 and q.
18
Suppose -4*s + 739 = 4*u - 181, 2*u - 4*s - 484 = 0. Let z = u + -164. Suppose z = 3*p + 2*p. Calculate the highest common divisor of 21 and p.
7
Suppose -14 = -34*f + 326. Let h = 15 - -55. What is the greatest common factor of f and h?
10
Suppose 5*s - 35 = -3*c, 2*c = 3*c - 2*s - 8. Suppose 4*w = -4*u + 136, w + 4*w + c = 0. Calculate the greatest common factor of 12 and u.
12
Let t(m) = 2*m**2 - 68*m - 440. Let z be t(-6). Calculate the highest common factor of z and 15.
5
Let d = 10 - -3. Let s = 22 - d. Let o(m) = m**2 + m - 6. Let u be o(s). Calculate the greatest common factor of 12 and u.
12
Suppose 0 = 2*q + 4*d - 148, d - 309 = -4*q + 6*d. What is the highest common divisor of q and 304?
76
Suppose 2*d - 29 = 4*m + 25, -123 = -4*d + 3*m. What is the highest common divisor of 429 and d?
33
Suppose 6 = -v + 7, -17 = -x + 4*v. Calculate the highest common factor of 273 and x.
21
Let u(t) = -2*t**3 - 2*t**2 + 5*t + 3. Let b be u(-3). Let c(v) = v**3 + 33*v**2 - 284*v - 100. Let d be c(-40). What is the greatest common divisor of d and b?
12
Let t be 310 + 0*(-1)/(-3). What is the greatest common factor of t and 20?
10
Let x be 1/4 + 6/(-24). Suppose 0 = 4*s - x - 8. Suppose 13 = 3*b - s*b. Calculate the highest common divisor of 143 and b.
13
Let s(w) = -61*w**3 + w**2 - 2*w - 2. Let f be s(-1). What is the greatest common divisor of 496 and f?
62
Let u be -56 + 402 + 1/(-1). Calculate the highest common factor of u and 23.
23
Suppose -2*r + 4 = 0, -32 = -4*h + r - 2. Suppose -19*g + 99 = -53. Calculate the greatest common divisor of h and g.
8
Let v(f) = 10*f**2 + 96*f - 12. Let s be v(-11). Calculate the greatest common factor of 355 and s.
71
Let s = 959 + -925. What is the highest common divisor of s and 4?
2
Suppose -w + 0*w = -275. Let y be w/(-10)*-1*2. Suppose -2*i + 16 = 4*o, 4 = 2*o - 5*i - 16. What is the highest common divisor of y and o?
5
Suppose 3*x - 8 = 25. Suppose 0 = -2*j + 7*j - 110. Let c be (-11)/(1 + (-24)/j). What is the highest common divisor of c and x?
11
Let z = -186 + 698. Calculate the highest common factor of 64 and z.
64
Suppose r = 3*n - 9, 4*n + n - 5*r - 25 = 0. Let f be (8/10)/(4/10). Suppose -3 = -f*y - y. What is the greatest common divisor of n and y?
1
Let j = 1246 - 1221. Calculate the greatest common factor of j and 65.
5
Let n(d) = -4*d - 1. Let z be n(-1). Let t(a) = 9*a - 6. Let m be t(z). What is the highest common factor of m and 21?
21
Let m(x) = 10*x**2 - 6*x - 1 - 3*x**2 - 6 - x**3 + 2. Let l be m(5). Let s be ((-3)/2*-3)/(18/120). What is the greatest common divisor of s and l?
15
Let g = 269 + -241. What is the greatest common factor of 63 and g?
7
Let f be (576/128)/((-1)/2)*-49. Calculate the highest common factor of 252 and f.
63
Suppose 9*g + 20 - 47 = 0. Suppose 5*n = -5*s + 85, -g*s + 5*n = -77 + 18. Calculate the greatest common divisor of s and 63.
9
Let u = 3 - 3. Suppose 5*o = 10*o - 15. Suppose o*h - h - 2 = u. What is the highest common divisor of 1 and h?
1
Let v = 82 + -88. Let h(x) = 2*x**2 + 3*x - 5. Let y be h(v). What is the highest common divisor of y and 7?
7
Let z be 3/((-42)/(-4)) + 86220/70. Calculate the highest common factor of 7 and z.
7
Let v(i) = 3*i - 1. Let j be v(5). Let u be (828/(-8) + 8)/((-1)/2). Suppose u + 145 = 6*m. What is the greatest common divisor of m and j?
14
Suppose -4*f = t - 579, -t = 3*f - f - 291. Suppose 80 = 5*k + 34*b - 32*b, -4*k = 5*b - 64. What is the greatest common divisor of f and k?
16
Let u(d) = d**3 + 44*d**2 - 41*d + 252. Let y be u(-45). Calculate the greatest common divisor of y and 248.
8
Let m(i) = 4*i**2 - i. Let y be m(-1). Suppose -2*t - 126 = -y*t. Let s = 20 - 14. What is the highest common factor of t and s?
6
Let u = 18 + -10. Let o(a) = -a**3 - 5*a**2 - 6*a + 4. Let x be o(-3). What is the highest common divisor of u and x?
4
Let j be (60/35)/(8/84). Suppose 2*u + 22 = 2*b - u, 2*b - 2*u = j. What is the greatest common factor of b and 15?
5
Let i(j) = j - 5. Let l be i(-7). Let z be 1352/48 - (-2)/l. What is the greatest common divisor of 14 and z?
14
Suppose 0 = 4*q - 1257 - 215. What is the highest common divisor of 46 and q?
46
Let o = -258 + 462. Calculate the highest common factor of o and 48.
12
Let u(c) = c**2 - 8*c + 9. Let x be u(8). Let i = 10 - x. Let j = 30 + -23. What is the greatest common factor of j and i?
1
Suppose 690 = 5*l - 3*s, 0 = -5*l + l + 5*s + 552. Suppose j = 2*c + l, 0*j - 3*j + 3*c + 411 = 0. What is the greatest common divisor of 17 and j?
17
Let z(r) = r**3 + 28*r**2 - 8*r - 25. Let k be z(-25). Calculate the greatest common divisor of 82 and k.
82
Let n = 38 + -32. Suppose -r + n = -4. What is the greatest common factor of r and 110?
10
Let u(y) = y**2 - 3*y - 13. Let j be u(-4). Let o be ((-12)/j)/((-38)/(-40) + -1). What is the highest common factor of 32 and o?
16
Suppose 5*n = 16*n - 2310. What is the highest common factor of 10 and n?
10
Let i be (-18)/(-21) + 765/63. What is the greatest common factor of i and 2899?
13
Let i = 1 - 5. Let f(x) = -7*x**3 + 4*x**2 - 6. Let a be f(2). Let p = i - a. Calculate the highest common factor of 6 and p.
6
Let b = -9 - -14. Suppose b*l = -7 + 2. Let k be 25/(1 + (-1 - l)). What is the highest common divisor of 5 and k?
5
Suppose 5*f - 3 = 3*z + 1, -z + 6 = 2*f. Calculate the highest common divisor of z and 64.
2
Let z(v) = 27*v**2 + 43*v - 42. Let l be z(1). Calculate the greatest common divisor of l and 812.
28
Suppose 4*n - 4*c - 113 = -45, -c - 74 = -4*n. Let i = n + -5. Suppose -4*h + i = 2*o, -o - 4*h + 1 + 8 = 0. Calculate the greatest common divisor of o and 5.
5
Let g(q) = q**2 - q - 3. Let i be g(-4). Let f = 336 + -149. What is the highest common factor of f and i?
17
Let y = 1790 + -1647. Calculate the greatest common factor of 52 and y.
13
Let f(t) = 2332*t + 2334. Let q be f(-1). Let l be -3*(-4)/18*6. Suppose -v + 2 = -l. What is the highest common divisor of v and q?
2
Let k = -11 - -15. Suppose k*m = m + 264. Let j = -17 - -28. What is the highest common divisor of j and m?
11
Let a(r) = -5*r - r + 0*r + 2*r. Let l be a(-4). Calculate the greatest common factor of l and 16.
16
Suppose -5*t - v + 1400 = 0, -4*v = -v. What is the highest common divisor of 70 and t?
70
Suppose -2*i - 16 = 3*i - 4*g, 0 = 4*i - 3*g + 12. Suppose -4*o - 4*h + 7 = h, i = 4*o + h - 27. Calculate the highest common factor of 16 and o.
8
Let n be (150/3)/(-14 + 8 + 7). What is the highest common divisor of 25 and n?
25
Let o = 11 + -20. Let z be (24/o - -3)*15. What is the greatest common divisor of z and 20?
5
Let j = 880 - -16. What is the greatest common divisor of 56 and j?
56
Let h(z) be the third derivative of 1/3*z**3 - 1/24*z**4 + 0*z + 0 + 2*z**2. Let m be h(-4). Calculate the highest common factor of 18 and m.
6
Let j(r) = 3*r - 3. Let c be j(-7). Let y = c + 29. Calculate the greatest common divisor of y and 2.
1
Let v be -1 + ((-98)/2)/(-7). What is the highest common divisor of v and 60?
6
Suppose 6*w - 538 = 1604. Calculate the highest common factor of 255 and w.
51
Suppose -4*h + 32 = -3*m - m, 4*h + 4*m = 24. Let b = 11 - h. Let i = -86 - -90. Calculate the highest common factor of b and i.
4
Suppose 0*l + 1 = l + 3*v, v = 2. Let x be (l/(-2))/((-3)/(-30)). Suppose 5*h = -496 + 996. Calculate the highest common factor of x and h.
25
Suppose 0 = 4*v - u - 576, -5*u + 77 - 240 = -v. What is the greatest common factor of 91 and v?
13
Let l(b) = -14*b - 5. Let d be l(-5). Let w = -82 - -82. Suppose 0 = 4*s - 4*o - 84, 3*s + 2*o - 122 + 34 = w. What is the highest common divisor of s and d?
13
Let f = 2020 - 1996. What is the highest 